33*i + 81. Calculate m(8).
25
Let p(f) = 28*f**2 - 31*f + 2. Calculate p(2).
52
Let o(k) = 3*k**2 - 28*k + 30. What is o(13)?
173
Let z(v) = 369*v - 18808. Determine z(51).
11
Let z(s) = 2*s**3 + s**2 - 16*s - 40. Calculate z(4).
40
Let c(t) = -384*t - 34942. Calculate c(-91).
2
Let k(p) = p**3 - 66*p**2 - p + 91. Give k(66).
25
Let j(y) = -2*y**2 - 89*y + 1848. Give j(-60).
-12
Let b(y) = -62*y**2 + 863*y + 76. Determine b(14).
6
Let j(f) = 185*f + 4253. What is j(-23)?
-2
Let n(w) = w**3 + 43*w**2 - 90*w + 83. Determine n(-45).
83
Let r(p) = -p**3 + 95*p**2 + 238*p + 5493. What is r(98)?
5
Let q(v) = 6*v**2 - 1978*v + 19184. Give q(10).
4
Let i(w) = -2*w**3 - 92*w**2 - 15*w - 701. Determine i(-46).
-11
Let a(u) = u**3 + 7*u**2 - 32*u + 167. Determine a(-11).
35
Let b(l) = -28*l + 1545. Determine b(54).
33
Let l(w) = 26*w - 815. Give l(33).
43
Let k(g) = -50*g + 241. Determine k(5).
-9
Let v(k) = k**3 - k**2 + 4*k + 3. What is v(-2)?
-17
Let z(j) = -87*j + 348. Calculate z(4).
0
Let l(i) = -5*i**3 + 23*i**2 + 42*i - 201. Give l(6).
-201
Let d(x) = 2*x**3 + 6*x**2 + 2*x + 1. What is d(0)?
1
Let y(w) = -25*w - 25. Give y(6).
-175
Let j(p) = 181*p + 1990. What is j(-11)?
-1
Let s(w) = w**3 + 34*w**2 + 165*w - 27. Calculate s(-28).
57
Let j(k) = 16*k + 178. What is j(-6)?
82
Let i(y) = 1500*y + 2995. What is i(-2)?
-5
Let m(p) = 2*p**3 - 18*p**2 - 217*p + 1951. Calculate m(9).
-2
Let y(w) = -w**3 - 19*w**2 + 18*w + 88. Determine y(-19).
-254
Let p(a) = -a**3 + a**2 - 9*a + 54. Give p(0).
54
Let r(y) = 65*y + 729. Calculate r(-6).
339
Let x(j) = -65*j + 1663. Calculate x(28).
-157
Let s(k) = k**3 + 11*k**2 + 17*k - 13. Determine s(-4).
31
Let a(u) = 7*u**3 + 13*u**2 - 134*u - 147. Give a(-1).
-7
Let o(m) = 68*m + 3883. Determine o(-57).
7
Let n(s) = -352*s - 3510. Give n(-10).
10
Let g(h) = 24*h**2 + 262*h - 37. What is g(-11)?
-15
Let r(u) = 320*u + 958. What is r(-3)?
-2
Let p(f) = -f**2 + 17*f + 108. Determine p(15).
138
Let o(g) = 2*g**2 - 61*g + 272. Calculate o(23).
-73
Let o(r) = 3*r**3 - 59*r**2 - 592*r - 44. What is o(27)?
10
Let o(r) = -r**3 - 13*r**2 - 23*r + 9. Determine o(-11).
20
Let l(p) = p**3 + 8*p**2 + p - 63. Determine l(0).
-63
Let p(v) = -v**3 + 9*v**2 - 27*v + 3. Calculate p(8).
-149
Let h(t) = -t**3 - 57*t**2 - 115*t - 285. Give h(-55).
-10
Let r(d) = 4*d**2 - 575*d + 12. Give r(0).
12
Let x(i) = -231*i + 236. What is x(1)?
5
Let u(o) = -o**3 - 84*o**2 + 1011*o - 3241. Calculate u(-95).
-11
Let g(x) = 3*x**3 + 16*x**2 - 77*x + 3. Calculate g(3).
-3
Let t(p) = -p**3 - 49*p**2 + 1854*p - 86. Determine t(25).
14
Let w(x) = -75*x - 1199. Determine w(-16).
1
Let d(p) = -86*p**2 + 266*p + 1. What is d(3)?
25
Let w(r) = -50*r**2 - 240*r - 242. Give w(-1).
-52
Let h(i) = -3*i**3 - 19*i**2 + 42*i - 13. Give h(2).
-29
Let o(u) = -31*u - 907. Give o(-29).
-8
Let n(b) = -22*b - 228. What is n(-11)?
14
Let b(m) = 4*m**2 - 379*m + 1337. What is b(91)?
-28
Let l(z) = 119*z + 756. Calculate l(-6).
42
Let c(o) = -6*o**3 - 85*o**2 - 12*o + 29. What is c(-14)?
1
Let w(g) = 56*g + 498. Determine w(-8).
50
Let p(v) = 295*v - 7379. What is p(25)?
-4
Let a(f) = 17*f + 813. Calculate a(-25).
388
Let k(j) = j**3 + 17*j**2 + 33*j + 1119. What is k(-19)?
-230
Let c(m) = 3*m**3 + 7*m**2 - 29*m. Calculate c(2).
-6
Let o(v) = -30*v**2 + 2*v + 10. What is o(-2)?
-114
Let i(a) = -a**3 - 5*a**2 - 3*a + 18. What is i(3)?
-63
Let x(c) = c**3 - 4*c**2 - 60*c + 258. Calculate x(7).
-15
Let p(l) = -3*l**2 - 68*l + 267. Determine p(4).
-53
Let c(w) = -w**2 + 165*w + 8763. What is c(-43)?
-181
Let p(x) = x**3 + 11*x**2 + 37*x + 45. Give p(-9).
-126
Let j(l) = 46*l**3 + 4*l**2 - 8*l + 5. Give j(1).
47
Let u(s) = -2*s**3 + 74*s**2 + 3*s - 114. Calculate u(37).
-3
Let u(f) = -f**3 - 10*f**2 + 299*f + 2983. Determine u(-10).
-7
Let s(j) = -j**3 + 11*j**2 - 5*j - 24. What is s(9)?
93
Let p(l) = -l**2 - 21*l + 13. Calculate p(-22).
-9
Let c(t) = -t**2 - 1106*t + 14550. Give c(13).
3
Let m(x) = -1857*x - 9286. Determine m(-5).
-1
Let s(y) = 5*y**2 + 320*y - 1293. What is s(4)?
67
Let o(d) = d**3 + 87*d**2 + 245*d - 26. Determine o(-3).
-5
Let g(p) = -6*p**2 + 141*p + 73. What is g(24)?
1
Let r(b) = -14*b - 4. Calculate r(-15).
206
Let j(l) = l**3 - 21*l**2 + 55*l - 15. Determine j(18).
3
Let k(n) = n**3 + 6*n**2 - 45*n - 151. Give k(-3).
11
Let q(c) = -c**2 + 216*c + 2656. Determine q(-13).
-321
Let f(d) = d**3 - 17*d**2 + 29*d + 20. Give f(15).
5
Let k(v) = 71*v**3 - 1277*v**2 - 38*v + 366. Give k(18).
6
Let p(q) = 126*q**2 + 9578*q + 168. Determine p(-76).
16
Let f(w) = 213*w + 1224. Give f(-3).
585
Let y(z) = -271*z + 817. Give y(3).
4
Let o(c) = -c**2 + 17*c - 32. Give o(19).
-70
Let h(z) = -12*z**2 + 266*z + 238. Calculate h(23).
8
Let i(h) = -41*h**2 - 16*h + 25. Calculate i(2).
-171
Let n(s) = -s**3 + 38*s**2 + 542*s - 141. Calculate n(49).
6
Let h(i) = 3*i + 204. What is h(-72)?
-12
Let r(b) = -49*b + 27. Determine r(5).
-218
Let d(l) = 3*l**2 - 222*l - 275. Determine d(76).
181
Let c(j) = 584*j + 4738. What is c(-8)?
66
Let b(u) = u**3 - 39*u**2 - 325*u + 210. What is b(46)?
72
Let c(a) = a**3 + 5*a**2 - 20*a - 69. Give c(-6).
15
Let p(k) = -1007*k - 11151. Give p(-11).
-74
Let o(x) = -213*x - 2347. Give o(-11).
-4
Let g(z) = -224*z - 1564. What is g(-7)?
4
Let w(j) = 31*j + 53. Calculate w(-9).
-226
Let t(g) = 11*g - 205. Determine t(23).
48
Let v(c) = -c**3 - 20*c**2 + 17*c + 34. Calculate v(-21).
118
Let r(l) = -2*l**2 + 197*l + 349. Give r(101).
-156
Let v(z) = -z**3 - 21*z**2 + 18*z - 143. Determine v(-22).
-55
Let y(k) = -k**3 + 10*k**2 + 193*k - 2020. What is y(12)?
8
Let v(o) = -o**2 - 89*o - 1715. Determine v(-62).
-41
Let a(b) = 882*b + 20272. What is a(-23)?
-14
Let k(s) = -s**3 + 4*s**2 + 174*s - 1052. Give k(7).
19
Let c(n) = -n**3 + 4*n**2 + 4*n + 3. Calculate c(6).
-45
Let b(l) = -l**3 - 34*l**2 + 6*l + 88. Calculate b(-34).
-116
Let s(b) = b**2 - 46. Calculate s(-6).
-10
Let z(v) = v**3 + 30*v**2 - 121*v - 730. What is z(-33)?
-4
Let c(p) = 2*p**2 + 11*p - 2699. Give c(34).
-13
Let o(j) = -15*j**2 - 43*j - 75. Give o(-6).
-357
Let o(l) = -1643*l - 55813. Calculate o(-34).
49
Let a(m) = m**3 - 39*m**2 + 37*m + 28. What is a(38)?
-10
Let c(r) = r**2 + 30*r + 243. What is c(-14)?
19
Let h(l) = 10*l + 212. What is h(-20)?
12
Let v(u) = u**3 - 7*u**2 - 22*u - 13. What is v(10)?
67
Let l(c) = -15*c + 276. Calculate l(18).
6
Let y(w) = -w**3 - 8*w**2 - 6*w + 9. What is y(-2)?
-3
Let o(p) = -p**3 + 35*p**2 - 4*p - 114. What is o(35)?
-254
Let o(j) = -25*j**2 - 2571*j + 394. Calculate o(-103).
-18
Let p(z) = 6*z**2 + 6*z - 7. Calculate p(2).
29
Let n(k) = 2*k**3 + 58*k**2 + 172*k + 424. What is n(-26)?
8
Let j(p) = p**3 + 6*p**2 - 31*p + 44. Calculate j(-9).
80
Let k(c) = c**3 + 6*c**2 + 4*c - 33. Determine k(2).
7
Let u(t) = -66*t + 1930. Calculate u(29).
16
Let a(p) = -2*p**3 - 19*p**2 + 27*p - 25. Determine a(3).
-169
Let r(o) = -o**3 + 25*o**2 - 26*o + 126. Determine r(24).
78
Let h(x) = x**2 + 51*x - 21. Calculate h(-49).
-119
Let f(q) = -9*q**2 - 173*q + 378. Calculate f(-22).
-172
Let g(a) = -26*a**2 - 237*a - 33. Calculate g(-9).
-6
Let a(g) = 4*g**2 + 59*g + 60. Give a(-1).
5
Let n(f) = 11*f - 483. Give n(42).
-21
Let n(z) = -327*z - 3410. Calculate n(-10).
-140
Let y(n) = -n**2 - 804*n - 11034. What is y(-14)?
26
Let d(v) = 21*v + 62. Determine d(-2).
20
Let l(j) = j**3 - 3*j**2 - 5*j + 239. What is l(0)?
239
Let y(m) = -25*m**2 + 1308*m - 414. Determine y(52).
2
Let p(l) = 2*l**2 + 88*l - 95. Determine p(-46).
89
Let v(d) = -40*d - 36. What is v(-3)?
84
Let w(m) = m**3 + 23*m**2 - 132*m + 206. Calculate w(-28).
-18
Let o(r) = 2*r**3 + 31*r**2 + 128*r + 95. What is o(-9)?
-4
Let l(u) = -u**2 + 8*u + 112. Give l(-8).
-16
Let y(r) = 53*r + 1272. Determine y(-21).
159
Let g(p) = -p**2 + 29*p + 183. Calculate g(-5).
13
Let g(r) = -r**3 - 9*r**2 - 209*r - 1589. Give g(-8).
19
Let z(o) = 30*o + 4. Calculate z(-9).
-266
Let h(o) = o**3 + 5*o**2 + 49*o + 447. Calculate h(-7).
6
Let n(h) = -h**2 - 39*h - 125. Give n(-36).
-17
Let c(v) = -3*v + 245. Determine c(39).
128
Let f(d) = 51*d - 240. Give f(5).
15
Let q(m) = -1760*m + 26397. What is q(15)?
-3
Let x(w) = -2*w**3 + 49*w**2 - 14*w - 150. Determine x(24).
90
Let v(m) = -184*m - 4411. Calculate v